{"id":8133,"date":"2017-12-04T19:27:36","date_gmt":"2017-12-04T18:27:36","guid":{"rendered":"http:\/\/www.astridspapiereuphorie.at\/?page_id=8133"},"modified":"2022-04-09T12:08:15","modified_gmt":"2022-04-09T10:08:15","slug":"workshops","status":"publish","type":"page","link":"https:\/\/www.astridspapiereuphorie.at\/test\/workshops\/","title":{"rendered":"Workshops"},"content":{"rendered":"<p>Hallihallo,<\/p>\n<p>also wer es nicht selbst probiert hat, kann doch nie wissen, ob ihm das Arbeiten mit Papier &#8211; sei es nun stempeln, falten, kleben, schneiden&#8230;. &#8211; liegt, oder nicht. Und ganz ehrlich, es macht m\u00e4chtig Spa\u00df und es ist auch \u00fcberhaupt nicht schwierig.<\/p>\n<p>Ich hatte leider niemanden, bei dem ich vor dem ersten Kauf von Stampin&#8216; Up!-Produkten alles mal ausprobieren konnte, da war niemand, der mir zeigte, wie man zB ein SU!-Stempelkissen \u00f6ffnet (und Videos gab es damals nur ganz vereinzelt). Aber nun gibt es ja auch seit einiger Zeit auch hier in \u00d6sterreich schon Stampin&#8216; up!-Demonstratorinnen &#8211; so wie ich auch eine bin. Und ich zeige und erkl\u00e4re dir gerne alles. Du kannst die Sachen ausprobieren und dann entscheiden, ob du sie &#8222;brauchst&#8220; bzw. haben willst :-). Nat\u00fcrlich habe ich nicht den Inhalt des ganzen Katalogs bei mir daheim, aber doch einiges<\/p>\n<h3>Und f\u00fcr das Ausprobieren gibt es mehrere M\u00f6glichkeiten:<\/h3>\n<p>&#8211; <span style=\"background-color: #99cc00;\"><strong>(Schnupper-)Workshop bei dir daheim<\/strong><\/span>, bei dem du die Gastgeberin bist: du l\u00e4dst ein paar Interessierte Damen\/M\u00e4dels (oder auch M\u00e4nner) ein und wir gestalten gemeinsam 2 kleine Projekte &#8211; ich bringe das ganze Material und alle n\u00f6tigen Werkzeuge, es f\u00e4llt pro Person ein kleiner Unkostenbeitrag an und du hast die M\u00f6glichkeit zu Gratis-Produkten zu kommen (Shoppingbonus)<\/p>\n<p>&#8211; <span style=\"background-color: #99cc00;\"><strong>Einzelsession<\/strong><\/span> &#8211; nur du und ich &#8211; bei dir oder bei mir<\/p>\n<p style=\"text-align: center;\">* * * * * * * * *<\/p>\n<h3>Du willst mehr?<\/h3>\n<p>Hast du schon Feuer gefangen und willst &#8222;mehr&#8220; machen, neue Techniken lernen, in kleiner Runde gemeinsam mit anderen dein Hobby aus\u00fcben, dann ist vielleicht das das Richtige f\u00fcr dich:<\/p>\n<p>&#8211; <span style=\"background-color: #99cc00;\"><strong>Workshop@home<\/strong><\/span> &#8211; von mir organisierte Themenworkshops bei mir daheim (Mindestteilnehmeranzahl 3). Die Workshops starten immer um 18:00 Uhr und enden, wenn wir fertig sind. Rechtzeitig bekannt gegebene Themenw\u00fcnsche ber\u00fccksichtige ich gerne.<\/p>\n<p><strong>&#8211; <span style=\"background-color: #99cc00;\">Spezialworkshops<\/span><\/strong> &#8211; bei Interesse organisiere ich auch Spezialworkshops (die dann ev. auch mal l\u00e4nger dauern und am Wochenende stattfinden), wie z.B. Minibook, Adventkalender, etc.<\/p>\n<p style=\"text-align: center;\">* * * * * * * *<\/p>\n<h3>Besondere Anl\u00e4sse?<\/h3>\n<p>Du m\u00f6chtest f\u00fcr eine Hochzeit, Taufe, einen runden Geburtstag&#8230;. <strong><span style=\"background-color: #99cc00;\">selbst Einladungen, Dankekarten oder \u00c4hnliches erstellen<\/span>?<\/strong><\/p>\n<p>Auch hier unterst\u00fctze ich dich gerne &#8211; einerseits mit Vorschl\u00e4gen und auch wenn du vielleicht in einer &#8222;M\u00e4dels-\/Damenrunde&#8220; mal einen Tag gemeinsam dann die Projekte gemeinsam gestalten willst.<\/p>\n<p style=\"text-align: center;\">* * * * * * * *<\/p>\n<p style=\"text-align: center;\"><span style=\"color: #99cc00;\"><strong>Im Grunde genommen ist vieles m\u00f6glich &#8211; sag mir deine W\u00fcnsche, wir reden dr\u00fcber und werden sicher gemeinsam eine L\u00f6sung finden<\/strong><\/span><\/p>\n","protected":false},"excerpt":{"rendered":"<p>Hallihallo, also wer es nicht selbst probiert hat, kann doch nie wissen, ob ihm das Arbeiten mit Papier &#8211; sei es nun stempeln, falten, kleben, schneiden&#8230;. &#8211; liegt, oder nicht. Und ganz ehrlich, es macht m\u00e4chtig Spa\u00df und es ist auch \u00fcberhaupt nicht schwierig. Ich hatte leider niemanden, bei dem ich vor dem ersten Kauf [&hellip;]<\/p>\n","protected":false},"author":1,"featured_media":0,"parent":0,"menu_order":2,"comment_status":"open","ping_status":"open","template":"","meta":{"ocean_post_layout":"","ocean_both_sidebars_style":"","ocean_both_sidebars_content_width":0,"ocean_both_sidebars_sidebars_width":0,"ocean_sidebar":"","ocean_second_sidebar":"","ocean_disable_margins":"enable","ocean_add_body_class":"","ocean_shortcode_before_top_bar":"","ocean_shortcode_after_top_bar":"","ocean_shortcode_before_header":"","ocean_shortcode_after_header":"","ocean_has_shortcode":"","ocean_shortcode_after_title":"","ocean_shortcode_before_footer_widgets":"","ocean_shortcode_after_footer_widgets":"","ocean_shortcode_before_footer_bottom":"","ocean_shortcode_after_footer_bottom":"","ocean_display_top_bar":"default","ocean_display_header":"default","ocean_header_style":"","ocean_center_header_left_menu":"","ocean_custom_header_template":"","ocean_custom_logo":0,"ocean_custom_retina_logo":0,"ocean_custom_logo_max_width":0,"ocean_custom_logo_tablet_max_width":0,"ocean_custom_logo_mobile_max_width":0,"ocean_custom_logo_max_height":0,"ocean_custom_logo_tablet_max_height":0,"ocean_custom_logo_mobile_max_height":0,"ocean_header_custom_menu":"","ocean_menu_typo_font_family":"","ocean_menu_typo_font_subset":"","ocean_menu_typo_font_size":0,"ocean_menu_typo_font_size_tablet":0,"ocean_menu_typo_font_size_mobile":0,"ocean_menu_typo_font_size_unit":"px","ocean_menu_typo_font_weight":"","ocean_menu_typo_font_weight_tablet":"","ocean_menu_typo_font_weight_mobile":"","ocean_menu_typo_transform":"","ocean_menu_typo_transform_tablet":"","ocean_menu_typo_transform_mobile":"","ocean_menu_typo_line_height":0,"ocean_menu_typo_line_height_tablet":0,"ocean_menu_typo_line_height_mobile":0,"ocean_menu_typo_line_height_unit":"","ocean_menu_typo_spacing":0,"ocean_menu_typo_spacing_tablet":0,"ocean_menu_typo_spacing_mobile":0,"ocean_menu_typo_spacing_unit":"","ocean_menu_link_color":"","ocean_menu_link_color_hover":"","ocean_menu_link_color_active":"","ocean_menu_link_background":"","ocean_menu_link_hover_background":"","ocean_menu_link_active_background":"","ocean_menu_social_links_bg":"","ocean_menu_social_hover_links_bg":"","ocean_menu_social_links_color":"","ocean_menu_social_hover_links_color":"","ocean_disable_title":"default","ocean_disable_heading":"default","ocean_post_title":"","ocean_post_subheading":"","ocean_post_title_style":"","ocean_post_title_background_color":"","ocean_post_title_background":0,"ocean_post_title_bg_image_position":"","ocean_post_title_bg_image_attachment":"","ocean_post_title_bg_image_repeat":"","ocean_post_title_bg_image_size":"","ocean_post_title_height":0,"ocean_post_title_bg_overlay":0.5,"ocean_post_title_bg_overlay_color":"","ocean_disable_breadcrumbs":"default","ocean_breadcrumbs_color":"","ocean_breadcrumbs_separator_color":"","ocean_breadcrumbs_links_color":"","ocean_breadcrumbs_links_hover_color":"","ocean_display_footer_widgets":"default","ocean_display_footer_bottom":"default","ocean_custom_footer_template":"","footnotes":""},"class_list":["post-8133","page","type-page","status-publish","hentry","entry"],"_links":{"self":[{"href":"https:\/\/www.astridspapiereuphorie.at\/test\/wp-json\/wp\/v2\/pages\/8133","targetHints":{"allow":["GET"]}}],"collection":[{"href":"https:\/\/www.astridspapiereuphorie.at\/test\/wp-json\/wp\/v2\/pages"}],"about":[{"href":"https:\/\/www.astridspapiereuphorie.at\/test\/wp-json\/wp\/v2\/types\/page"}],"author":[{"embeddable":true,"href":"https:\/\/www.astridspapiereuphorie.at\/test\/wp-json\/wp\/v2\/users\/1"}],"replies":[{"embeddable":true,"href":"https:\/\/www.astridspapiereuphorie.at\/test\/wp-json\/wp\/v2\/comments?post=8133"}],"version-history":[{"count":17,"href":"https:\/\/www.astridspapiereuphorie.at\/test\/wp-json\/wp\/v2\/pages\/8133\/revisions"}],"predecessor-version":[{"id":18278,"href":"https:\/\/www.astridspapiereuphorie.at\/test\/wp-json\/wp\/v2\/pages\/8133\/revisions\/18278"}],"wp:attachment":[{"href":"https:\/\/www.astridspapiereuphorie.at\/test\/wp-json\/wp\/v2\/media?parent=8133"}],"curies":[{"name":"wp","href":"https:\/\/api.w.org\/{rel}","templated":true}]}}