{"id":335,"date":"2012-12-31T21:39:48","date_gmt":"2012-12-31T19:39:48","guid":{"rendered":"http:\/\/www.astridspapiereuphorie.at\/?page_id=335"},"modified":"2021-07-23T20:46:16","modified_gmt":"2021-07-23T18:46:16","slug":"su-demonstratorin-werden","status":"publish","type":"page","link":"https:\/\/www.astridspapiereuphorie.at\/test\/su-demonstratorin-werden\/","title":{"rendered":"SU-Demo werden"},"content":{"rendered":"<p><strong>Hiermit lade ich dich ganz herzlich ein Demo zu werden<\/strong> und w\u00fcrde mich riesig freuen, DICH\u00a0 in unserem tollen Team Willkommen zu hei\u00dfen!<\/p>\n<p>Du \u00fcberlegst noch und bist noch unsicher?<br \/>\nDu hast ganz viele Fragen?<br \/>\nDu willst noch mehr Infos?<br \/>\n&#8211;&gt; Na dann melde dich doch ganz unverbindlich bei mir.<\/p>\n<p>Es w\u00e4re sch\u00f6n, wenn wir <strong>vor<\/strong> dem Abschluss eines Vertrages, in einem pers\u00f6nlichen Gespr\u00e4ch &#8211; gerne auch per Telefon (<strong>+43 699 10828414<\/strong>) &#8211; alle deine offenen Fragen (ich hatte damals mindestens 100 \ud83d\ude09 ) besprechen. Sehr gerne helfe ich dir auch beim Zusammenstellen deines Startersets<\/p>\n<p>Es ist mir wichtig, dass du dich in unserem Team wohlf\u00fchlst. Nat\u00fcrlich biete ich Dir jede mir m\u00f6gliche Unterst\u00fctzung an und stehe dir mit pers\u00f6nlichem Rat und Tat zur Seite.<\/p>\n<p>Ein paar wichtige Infos aber gleich mal hier:<\/p>\n<p>Das <strong>Startpaket<\/strong> kostet derzeit \u20ac 129,&#8211; ,<br \/>\ndu darfst dir aber exklusive Stampin\u2019 Up!-Produkte im Wert von bis zu 175 \u20ac,<br \/>\nselbst ausw\u00e4hlen und bekommst gratis noch ein Paket mit Gesch\u00e4ftsmaterialien dazu.<br \/>\nDas Starterset wird versandkostenfrei geliefert.<br \/>\n&#8212;&#8212;&#8212;&#8212;&#8212;&#8212;&#8212;&#8212;&#8212;&#8212;&#8212;&#8212;&#8212;&#8212;&#8212;&#8212;&#8212;&#8212;&#8212;&#8212;&#8212;&#8212;&#8212;&#8212;&#8212;&#8212;&#8212;&#8212;&#8212;&#8212;&#8212;&#8212;&#8212;&#8212;&#8212;&#8212;&#8212;&#8212;<br \/>\nDie wichtigsten <strong>Vorteile<\/strong>, die du als Demo hast, kurz zusammengefasst:<\/p>\n<p>&#8211; Sofortrabatt bei Bestellung (mind.20 % vom Nettoumsatz)<br \/>\n&#8211; je nach H\u00f6he des Monats- bzw. Jahresumsatzes noch weiter %e<br \/>\n&#8211; tlw. Vorbestellung von neuen Produkten, noch bevor alle andere sie bestellen k\u00f6nnen<br \/>\n&#8211; du kannst dir deine T\u00e4tigkeit als Demo gestalten, wie es deine privaten und zeitlichen M\u00f6glichkeiten zulassen<br \/>\n&#8211; Kennenlernen von anderen gleichgesinnten Scrap- und Stempelfreunden<br \/>\n&#8211; bei Teamtreffen gemeinsam kreativ sein und Spa\u00df haben (freiwillig!)<br \/>\n&#8211; diverse Teamaktivit\u00e4ten (freiwillig!)<br \/>\n&#8211; du KANNST, musst aber keine Workshops halten<br \/>\n&#8212;&#8212;&#8212;&#8212;&#8212;&#8212;&#8212;&#8212;&#8212;&#8212;&#8212;&#8212;&#8212;&#8212;&#8212;&#8212;&#8212;&#8212;&#8212;&#8212;&#8212;&#8212;&#8212;&#8212;&#8212;&#8212;&#8212;&#8212;&#8212;&#8212;&#8212;&#8212;&#8212;&#8212;&#8212;&#8212;&#8212;&#8212;<br \/>\nDie <strong>Registrierung<\/strong> ist auch\u00a0<strong>online<\/strong> m\u00f6glich &#8211; einfach mal hier klicken:\u00a0<a href=\"\/\/ida.stampinup.com\/de-at\/agreement\" target=\"_blank\" rel=\"noopener\">\u00a0<\/a><a href=\"https:\/\/www.stampinup.at\/join?demoid=5005763\" rel=\"noopener\" target=\"_blank\">*klick*<\/a><\/p>\n<p>&#8212;&#8212;&#8212;&#8212;&#8212;&#8212;&#8212;&#8212;&#8212;&#8212;&#8212;&#8212;&#8212;&#8212;&#8212;&#8212;&#8212;&#8212;&#8212;&#8212;&#8212;&#8212;&#8212;&#8212;&#8212;&#8212;&#8212;&#8212;&#8212;&#8212;&#8212;&#8212;&#8212;&#8212;&#8212;&#8212;&#8212;&#8212;<br \/>\nAber wichtig ist, dass du du <strong>Spa\u00df<\/strong> hast &#8211; egal ob du nur f\u00fcr dich g\u00fcnstiger einkaufen m\u00f6chtest um dann allein oder mit Freundinnen zusammen zu sitzen und ihr gemeinsan eurem Hobby nachgeht, oder ob du Workhops und Stempelpartys halten m\u00f6chtest um anderen die tollen Produkte zu zeigen und mit ihnen gemeinsam Karten, Verpackungen, Scarpbooking-Seiten,&#8230;. gestaltest \ud83d\ude42<\/p>\n","protected":false},"excerpt":{"rendered":"<p>Hiermit lade ich dich ganz herzlich ein Demo zu werden und w\u00fcrde mich riesig freuen, DICH\u00a0 in unserem tollen Team Willkommen zu hei\u00dfen! Du \u00fcberlegst noch und bist noch unsicher? Du hast ganz viele Fragen? Du willst noch mehr Infos? &#8211;&gt; Na dann melde dich doch ganz unverbindlich bei mir. Es w\u00e4re sch\u00f6n, wenn wir [&hellip;]<\/p>\n","protected":false},"author":1,"featured_media":0,"parent":0,"menu_order":0,"comment_status":"open","ping_status":"open","template":"","meta":{"ocean_post_layout":"","ocean_both_sidebars_style":"","ocean_both_sidebars_content_width":0,"ocean_both_sidebars_sidebars_width":0,"ocean_sidebar":"","ocean_second_sidebar":"","ocean_disable_margins":"enable","ocean_add_body_class":"","ocean_shortcode_before_top_bar":"","ocean_shortcode_after_top_bar":"","ocean_shortcode_before_header":"","ocean_shortcode_after_header":"","ocean_has_shortcode":"","ocean_shortcode_after_title":"","ocean_shortcode_before_footer_widgets":"","ocean_shortcode_after_footer_widgets":"","ocean_shortcode_before_footer_bottom":"","ocean_shortcode_after_footer_bottom":"","ocean_display_top_bar":"default","ocean_display_header":"default","ocean_header_style":"","ocean_center_header_left_menu":"","ocean_custom_header_template":"","ocean_custom_logo":0,"ocean_custom_retina_logo":0,"ocean_custom_logo_max_width":0,"ocean_custom_logo_tablet_max_width":0,"ocean_custom_logo_mobile_max_width":0,"ocean_custom_logo_max_height":0,"ocean_custom_logo_tablet_max_height":0,"ocean_custom_logo_mobile_max_height":0,"ocean_header_custom_menu":"","ocean_menu_typo_font_family":"","ocean_menu_typo_font_subset":"","ocean_menu_typo_font_size":0,"ocean_menu_typo_font_size_tablet":0,"ocean_menu_typo_font_size_mobile":0,"ocean_menu_typo_font_size_unit":"px","ocean_menu_typo_font_weight":"","ocean_menu_typo_font_weight_tablet":"","ocean_menu_typo_font_weight_mobile":"","ocean_menu_typo_transform":"","ocean_menu_typo_transform_tablet":"","ocean_menu_typo_transform_mobile":"","ocean_menu_typo_line_height":0,"ocean_menu_typo_line_height_tablet":0,"ocean_menu_typo_line_height_mobile":0,"ocean_menu_typo_line_height_unit":"","ocean_menu_typo_spacing":0,"ocean_menu_typo_spacing_tablet":0,"ocean_menu_typo_spacing_mobile":0,"ocean_menu_typo_spacing_unit":"","ocean_menu_link_color":"","ocean_menu_link_color_hover":"","ocean_menu_link_color_active":"","ocean_menu_link_background":"","ocean_menu_link_hover_background":"","ocean_menu_link_active_background":"","ocean_menu_social_links_bg":"","ocean_menu_social_hover_links_bg":"","ocean_menu_social_links_color":"","ocean_menu_social_hover_links_color":"","ocean_disable_title":"default","ocean_disable_heading":"default","ocean_post_title":"","ocean_post_subheading":"","ocean_post_title_style":"","ocean_post_title_background_color":"","ocean_post_title_background":0,"ocean_post_title_bg_image_position":"","ocean_post_title_bg_image_attachment":"","ocean_post_title_bg_image_repeat":"","ocean_post_title_bg_image_size":"","ocean_post_title_height":0,"ocean_post_title_bg_overlay":0.5,"ocean_post_title_bg_overlay_color":"","ocean_disable_breadcrumbs":"default","ocean_breadcrumbs_color":"","ocean_breadcrumbs_separator_color":"","ocean_breadcrumbs_links_color":"","ocean_breadcrumbs_links_hover_color":"","ocean_display_footer_widgets":"default","ocean_display_footer_bottom":"default","ocean_custom_footer_template":"","footnotes":""},"class_list":["post-335","page","type-page","status-publish","hentry","entry"],"_links":{"self":[{"href":"https:\/\/www.astridspapiereuphorie.at\/test\/wp-json\/wp\/v2\/pages\/335","targetHints":{"allow":["GET"]}}],"collection":[{"href":"https:\/\/www.astridspapiereuphorie.at\/test\/wp-json\/wp\/v2\/pages"}],"about":[{"href":"https:\/\/www.astridspapiereuphorie.at\/test\/wp-json\/wp\/v2\/types\/page"}],"author":[{"embeddable":true,"href":"https:\/\/www.astridspapiereuphorie.at\/test\/wp-json\/wp\/v2\/users\/1"}],"replies":[{"embeddable":true,"href":"https:\/\/www.astridspapiereuphorie.at\/test\/wp-json\/wp\/v2\/comments?post=335"}],"version-history":[{"count":24,"href":"https:\/\/www.astridspapiereuphorie.at\/test\/wp-json\/wp\/v2\/pages\/335\/revisions"}],"predecessor-version":[{"id":16959,"href":"https:\/\/www.astridspapiereuphorie.at\/test\/wp-json\/wp\/v2\/pages\/335\/revisions\/16959"}],"wp:attachment":[{"href":"https:\/\/www.astridspapiereuphorie.at\/test\/wp-json\/wp\/v2\/media?parent=335"}],"curies":[{"name":"wp","href":"https:\/\/api.w.org\/{rel}","templated":true}]}}