{"id":19220,"date":"2022-09-19T19:55:09","date_gmt":"2022-09-19T17:55:09","guid":{"rendered":"https:\/\/www.astridspapiereuphorie.at\/?page_id=19220"},"modified":"2022-10-06T15:23:48","modified_gmt":"2022-10-06T13:23:48","slug":"workshop-anmeldung","status":"publish","type":"page","link":"https:\/\/www.astridspapiereuphorie.at\/test\/workshop-anmeldung\/","title":{"rendered":"Workshop-Anmeldung"},"content":{"rendered":"\n<p>Wir&nbsp;<a href=\"https:\/\/barbaras-kreativ-studio.blogspot.com\/\" target=\"_blank\" rel=\"noreferrer noopener\">(Barbara&nbsp;<\/a>und ich) laden euch herzlichst zu unserem&nbsp;<strong>Weihnachts-Workshop<\/strong>&nbsp;<strong>2022&nbsp;<\/strong>ein und freuen uns, euch wieder ein ganzt\u00e4giges&nbsp;<strong>live-Treffen* am 16.10.2022<\/strong> in Stockerau zum seit Jahren unver\u00e4nderten Preis von \u20ac 89,- anbieten zu k\u00f6nnen.<br>Achtung: Derzeit ist der Start um 12:00 Uhr (mit voraussichtlichem Ende um ca. 18:00 Uhr) geplant, da wir vorher nicht in den Saal k\u00f6nnen. Falls sich die Startzeit \u00e4ndern sollte, sagen wir euch ein paar Tage vorher per Mail noch Bescheid.<\/p>\n\n\n\n<p>*vorbehaltlich eventueller gesetzlicher \u00c4nderungen!<\/p>\n\n\n\n<p class=\"has-medium-font-size\"><strong><span class=\"has-inline-color has-vivid-red-color\">Anmeldeschlu\u00df: 2.10.2022<\/span><\/strong><\/p>\n\n\n\n<h5 class=\"wp-block-heading\"><span style=\"text-decoration: underline;\">Wichtige Hinweise:<\/span><\/h5>\n\n\n\n<p>&#8211; die Pl\u00e4tze des live-Workshops sind begrenzt<br>&#8211;&nbsp;falls der live-Workshop nicht stattfinden kann, schicken wir allen, die sich daf\u00fcr angemeldet haben, das Materialpaket per Post zu.<\/p>\n\n\n\n<h5 class=\"wp-block-heading\">Was erwartet euch:<\/h5>\n\n\n\n<ul class=\"wp-block-list\"><li>Ihr bekommt, wie immer, ein&nbsp;gro\u00dfz\u00fcgiges Materialpaket. <\/li><li>Ihr verbringt einen kreativen Tag unter Gleichgesinnten <\/li><li>Ihr gestaltet unter unserer Anleitung  tolle, (vor)weihnachtliche Projekte.<\/li><li>Ihr bekommt am Nachmittag Kaffee\/Softgetr\u00e4nke und kleine Snacks\/Kuchen,<\/li><\/ul>\n\n\n\n<p>Beim Pr\u00e4senz-Event stellen wir nat\u00fcrlich wie immer Stempelsets, Stanzformen, etc. zur Verf\u00fcgung. Und selbstverst\u00e4ndlich stehen wir euch mit Rat und Tat den ganzen Tag zur Seite. Was ihr an Werkzeugen mit braucht, schreiben wir euch dann noch kurz vor dem Treffen per Mail.<br>Wie auch sonst immer bei unseren gro\u00dfen Workshops, verlangen wir KEINE Workshopgeb\u00fchr!<\/p>\n\n\n\n<p>Wir freuen uns auf eure Anmeldungen bzw. hoffentlich auch auf so manches pers\u00f6nliches Wiedersehen.<\/p>\n\n\n\n<p>Astrid &amp; Barbara<\/p>\n\n\n\n<h4 class=\"has-text-align-center has-background wp-block-heading\" style=\"background-color:#e5f0d3\">Anmeldeformular Weihnachtsworkshop 2022<\/h4>\n\n\n\n<p class=\"has-text-align-center\">Leider ist die Anmeldung f\u00fcr den Weihnachtsworkshop 2022 bereits geschlossen.<\/p>\n","protected":false},"excerpt":{"rendered":"<p>Wir&nbsp;(Barbara&nbsp;und ich) laden euch herzlichst zu unserem&nbsp;Weihnachts-Workshop&nbsp;2022&nbsp;ein und freuen uns, euch wieder ein ganzt\u00e4giges&nbsp;live-Treffen* am 16.10.2022 in Stockerau zum seit Jahren unver\u00e4nderten Preis von \u20ac 89,- anbieten zu k\u00f6nnen.Achtung: Derzeit ist der Start um 12:00 Uhr (mit voraussichtlichem Ende um ca. 18:00 Uhr) geplant, da wir vorher nicht in den Saal k\u00f6nnen. Falls sich die [&hellip;]<\/p>\n","protected":false},"author":1,"featured_media":19227,"parent":0,"menu_order":0,"comment_status":"closed","ping_status":"closed","template":"","meta":{"ocean_post_layout":"","ocean_both_sidebars_style":"","ocean_both_sidebars_content_width":0,"ocean_both_sidebars_sidebars_width":0,"ocean_sidebar":"","ocean_second_sidebar":"","ocean_disable_margins":"enable","ocean_add_body_class":"","ocean_shortcode_before_top_bar":"","ocean_shortcode_after_top_bar":"","ocean_shortcode_before_header":"","ocean_shortcode_after_header":"","ocean_has_shortcode":"","ocean_shortcode_after_title":"","ocean_shortcode_before_footer_widgets":"","ocean_shortcode_after_footer_widgets":"","ocean_shortcode_before_footer_bottom":"","ocean_shortcode_after_footer_bottom":"","ocean_display_top_bar":"default","ocean_display_header":"default","ocean_header_style":"","ocean_center_header_left_menu":"","ocean_custom_header_template":"","ocean_custom_logo":0,"ocean_custom_retina_logo":0,"ocean_custom_logo_max_width":0,"ocean_custom_logo_tablet_max_width":0,"ocean_custom_logo_mobile_max_width":0,"ocean_custom_logo_max_height":0,"ocean_custom_logo_tablet_max_height":0,"ocean_custom_logo_mobile_max_height":0,"ocean_header_custom_menu":"","ocean_menu_typo_font_family":"","ocean_menu_typo_font_subset":"","ocean_menu_typo_font_size":0,"ocean_menu_typo_font_size_tablet":0,"ocean_menu_typo_font_size_mobile":0,"ocean_menu_typo_font_size_unit":"px","ocean_menu_typo_font_weight":"","ocean_menu_typo_font_weight_tablet":"","ocean_menu_typo_font_weight_mobile":"","ocean_menu_typo_transform":"","ocean_menu_typo_transform_tablet":"","ocean_menu_typo_transform_mobile":"","ocean_menu_typo_line_height":0,"ocean_menu_typo_line_height_tablet":0,"ocean_menu_typo_line_height_mobile":0,"ocean_menu_typo_line_height_unit":"","ocean_menu_typo_spacing":0,"ocean_menu_typo_spacing_tablet":0,"ocean_menu_typo_spacing_mobile":0,"ocean_menu_typo_spacing_unit":"","ocean_menu_link_color":"","ocean_menu_link_color_hover":"","ocean_menu_link_color_active":"","ocean_menu_link_background":"","ocean_menu_link_hover_background":"","ocean_menu_link_active_background":"","ocean_menu_social_links_bg":"","ocean_menu_social_hover_links_bg":"","ocean_menu_social_links_color":"","ocean_menu_social_hover_links_color":"","ocean_disable_title":"default","ocean_disable_heading":"default","ocean_post_title":"","ocean_post_subheading":"","ocean_post_title_style":"","ocean_post_title_background_color":"","ocean_post_title_background":0,"ocean_post_title_bg_image_position":"","ocean_post_title_bg_image_attachment":"","ocean_post_title_bg_image_repeat":"","ocean_post_title_bg_image_size":"","ocean_post_title_height":0,"ocean_post_title_bg_overlay":0.5,"ocean_post_title_bg_overlay_color":"","ocean_disable_breadcrumbs":"default","ocean_breadcrumbs_color":"","ocean_breadcrumbs_separator_color":"","ocean_breadcrumbs_links_color":"","ocean_breadcrumbs_links_hover_color":"","ocean_display_footer_widgets":"default","ocean_display_footer_bottom":"default","ocean_custom_footer_template":"","footnotes":""},"class_list":["post-19220","page","type-page","status-publish","has-post-thumbnail","hentry","entry","has-media"],"_links":{"self":[{"href":"https:\/\/www.astridspapiereuphorie.at\/test\/wp-json\/wp\/v2\/pages\/19220","targetHints":{"allow":["GET"]}}],"collection":[{"href":"https:\/\/www.astridspapiereuphorie.at\/test\/wp-json\/wp\/v2\/pages"}],"about":[{"href":"https:\/\/www.astridspapiereuphorie.at\/test\/wp-json\/wp\/v2\/types\/page"}],"author":[{"embeddable":true,"href":"https:\/\/www.astridspapiereuphorie.at\/test\/wp-json\/wp\/v2\/users\/1"}],"replies":[{"embeddable":true,"href":"https:\/\/www.astridspapiereuphorie.at\/test\/wp-json\/wp\/v2\/comments?post=19220"}],"version-history":[{"count":9,"href":"https:\/\/www.astridspapiereuphorie.at\/test\/wp-json\/wp\/v2\/pages\/19220\/revisions"}],"predecessor-version":[{"id":19399,"href":"https:\/\/www.astridspapiereuphorie.at\/test\/wp-json\/wp\/v2\/pages\/19220\/revisions\/19399"}],"wp:featuredmedia":[{"embeddable":true,"href":"https:\/\/www.astridspapiereuphorie.at\/test\/wp-json\/wp\/v2\/media\/19227"}],"wp:attachment":[{"href":"https:\/\/www.astridspapiereuphorie.at\/test\/wp-json\/wp\/v2\/media?parent=19220"}],"curies":[{"name":"wp","href":"https:\/\/api.w.org\/{rel}","templated":true}]}}