{"id":19147,"date":"2022-09-05T11:09:45","date_gmt":"2022-09-05T09:09:45","guid":{"rendered":"https:\/\/www.astridspapiereuphorie.at\/?page_id=19147"},"modified":"2023-07-27T11:05:08","modified_gmt":"2023-07-27T09:05:08","slug":"aktuelle-stampin-up-angebote","status":"publish","type":"page","link":"https:\/\/www.astridspapiereuphorie.at\/test\/aktuelle-stampin-up-angebote\/","title":{"rendered":"Aktuelle Stampin&#8216; Up! Angebote"},"content":{"rendered":"<div class=\"wp-block-image\">\n<figure class=\"aligncenter size-full\"><a href=\"https:\/\/www.astridspapiereuphorie.at\/test\/wp-content\/uploads\/2023\/07\/Banner-Monat-Blog-Juli-1.png\"><img loading=\"lazy\" decoding=\"async\" width=\"600\" height=\"338\" src=\"https:\/\/www.astridspapiereuphorie.at\/test\/wp-content\/uploads\/2023\/07\/Banner-Monat-Blog-Juli-1.png\" alt=\"\" class=\"wp-image-20373\" srcset=\"https:\/\/www.astridspapiereuphorie.at\/test\/wp-content\/uploads\/2023\/07\/Banner-Monat-Blog-Juli-1.png 600w, https:\/\/www.astridspapiereuphorie.at\/test\/wp-content\/uploads\/2023\/07\/Banner-Monat-Blog-Juli-1-300x169.png 300w\" sizes=\"auto, (max-width: 600px) 100vw, 600px\" \/><\/a><\/figure><\/div>\n\n\n<h2 class=\"wp-block-heading has-text-align-center\">Willkommen im Juli!<\/h2>\n\n\n\n<p class=\"has-text-align-center\">Hier die Stampin&#8216; Up! Angebote und Neuheiten des aktuellen Monats:<\/p>\n\n\n<div class=\"wp-block-image\">\n<figure class=\"aligncenter size-full\"><a href=\"https:\/\/www.astridspapiereuphorie.at\/test\/wp-content\/uploads\/2023\/07\/2023-07-Bonustage.jpg\"><img loading=\"lazy\" decoding=\"async\" width=\"600\" height=\"185\" src=\"https:\/\/www.astridspapiereuphorie.at\/test\/wp-content\/uploads\/2023\/07\/2023-07-Bonustage.jpg\" alt=\"\" class=\"wp-image-20375\" srcset=\"https:\/\/www.astridspapiereuphorie.at\/test\/wp-content\/uploads\/2023\/07\/2023-07-Bonustage.jpg 600w, https:\/\/www.astridspapiereuphorie.at\/test\/wp-content\/uploads\/2023\/07\/2023-07-Bonustage-300x93.jpg 300w\" sizes=\"auto, (max-width: 600px) 100vw, 600px\" \/><\/a><\/figure><\/div>\n\n\n<p>Die Sommer-Gutscheinaktion ist zur\u00fcck!<\/p>\n\n\n\n<p>Pro Bestellsumme von \u20ac 60,- im Juli, bekommt ihr einen \u20ac 6-Gutschein, den ihr im August einl\u00f6sen k\u00f6nnt!<\/p>\n\n\n\n<div class=\"wp-block-buttons is-horizontal is-content-justification-center is-layout-flex wp-container-core-buttons-is-layout-499968f5 wp-block-buttons-is-layout-flex\">\n<div class=\"wp-block-button\"><a class=\"wp-block-button__link wp-element-button\" href=\"https:\/\/su-media.s3.amazonaws.com\/media\/Promotions\/2023\/07_Bonus_Days\/DEMO_MKTL_INF_EU_DE_0723_BONUS_DAYS_EARN.jpg\" target=\"_blank\" rel=\"noreferrer noopener\">FLYER BONUSTAGE JULI 2023<\/a><\/div>\n<\/div>\n\n\n\n<hr class=\"wp-block-separator has-css-opacity is-style-wide\"\/>\n\n\n\n<hr class=\"wp-block-separator has-css-opacity is-style-wide\"\/>\n\n\n\n<p><span style=\"text-decoration: underline;\">Weiterhin erh\u00e4ltlich:<\/span><\/p>\n\n\n<div class=\"wp-block-image\">\n<figure class=\"aligncenter size-large\"><a href=\"https:\/\/www.astridspapiereuphorie.at\/wp-content\/uploads\/2023\/05\/2023_05_Geburtstag-mit-Konfetti.jpg\"><img loading=\"lazy\" decoding=\"async\" width=\"600\" height=\"205\" src=\"https:\/\/www.astridspapiereuphorie.at\/wp-content\/uploads\/2023\/05\/2023_05_Geburtstag-mit-Konfetti.jpg\" alt=\"\" class=\"wp-image-20247\" srcset=\"https:\/\/www.astridspapiereuphorie.at\/test\/wp-content\/uploads\/2023\/05\/2023_05_Geburtstag-mit-Konfetti.jpg 600w, https:\/\/www.astridspapiereuphorie.at\/test\/wp-content\/uploads\/2023\/05\/2023_05_Geburtstag-mit-Konfetti-300x103.jpg 300w\" sizes=\"auto, (max-width: 600px) 100vw, 600px\" \/><\/a><\/figure><\/div>\n\n\n<h4 class=\"wp-block-heading\">KREATIVSET GEBURTSTAG MIT KONFETTI<\/h4>\n\n\n\n<p>Artikelnummer: 162392 \/ Preis: 28,00 \u20ac<\/p>\n\n\n\n<p><em>Auch in Englisch (162390) und Franz\u00f6sisch (162391) erh\u00e4ltlich.<\/em><\/p>\n\n\n\n<p>Das Set enth\u00e4lt:<\/p>\n\n\n\n<ul class=\"wp-block-list\">\n<li>Das Set bietet Zubeh\u00f6r f\u00fcr 9&nbsp;Karten \u2013 je 3 in 3&nbsp;Designs&nbsp;\u2013 sowie 9 passende Umschl\u00e4ge<\/li>\n\n\n\n<li>Klarsichtstempelset Geburtstag mit Konfetti<\/li>\n\n\n\n<li>Ein Mini-Stempelkissen in Blaubeere<\/li>\n\n\n\n<li>Bedruckte Grundkarten, Kartenvorderseiten, selbstklebende Zellophans\u00e4ckchen f\u00fcr Sch\u00fcttelkarten, vorgeschnittene Elemente, Folien-Etiketten mit holographischem Effekt, Klebemittel, Accessoires und ein transparenter Block<\/li>\n\n\n\n<li>Ma\u00dfe der fertigen Karten: 5-1\/2&#8243; x 4-1\/4&#8243; (14 x 10,8 cm)<\/li>\n\n\n\n<li>Abgestimmt auf die Farben: Blaubeere, Blutorange, Curry-Gelb, Flamingorot, Jade, Limette<\/li>\n<\/ul>\n\n\n\n<p>Weiters kamen neuen Logo-Artikel (wie z.B. ein Block mit karierten Unterlagebl\u00e4ttern in den neuen In-Color-Farben) in den Shop. Hier findet ihr alle neuen\/aktuellen Artikel, die NICHT im Katalog aufscheinen!<\/p>\n\n\n\n<div class=\"wp-block-buttons is-horizontal is-content-justification-center is-layout-flex wp-container-core-buttons-is-layout-499968f5 wp-block-buttons-is-layout-flex\">\n<div class=\"wp-block-button\"><a class=\"wp-block-button__link wp-element-button\" href=\"https:\/\/www.stampinup.at\/categories\/shop-products\/featured-products\/online-exclusives?demoid=5005763\" target=\"_blank\" rel=\"noreferrer noopener\">Online-Exclusiv-Produkte ansehen<\/a><\/div>\n<\/div>\n\n\n\n<hr class=\"wp-block-separator has-css-opacity is-style-wide\"\/>\n\n\n\n<p class=\"has-text-align-center\">Alle Downloads (auch f\u00fcr die Kataloge in Englisch und Franz\u00f6sisch) findet ihr auf der Seite <a href=\"https:\/\/www.astridspapiereuphorie.at\/stampin-up-katalog\/\" target=\"_blank\" rel=\"noreferrer noopener\">&#8222;Stampin&#8216; Up! Katalog&#8220;<\/a><\/p>\n\n\n\n<p class=\"has-text-align-center\">Willst du gleich \u00fcber den online-Shop bestellen, dann verwende bitte einen der folgenden Links:<\/p>\n\n\n\n<div class=\"wp-block-buttons is-horizontal is-content-justification-center is-layout-flex wp-container-core-buttons-is-layout-499968f5 wp-block-buttons-is-layout-flex\">\n<div class=\"wp-block-button\"><a class=\"wp-block-button__link wp-element-button\" href=\"http:\/\/www.stampinup.at\/?hostcode=JWSXJQGM\" target=\"_blank\" rel=\"noreferrer noopener\">Online-Shop bis \u20ac 199,99<\/a><\/div>\n<\/div>\n\n\n\n<div class=\"wp-block-buttons is-horizontal is-content-justification-center is-layout-flex wp-container-core-buttons-is-layout-499968f5 wp-block-buttons-is-layout-flex\">\n<div class=\"wp-block-button\"><a class=\"wp-block-button__link wp-element-button\" href=\"https:\/\/www.stampinup.at\/?demoid=5005763\" target=\"_blank\" rel=\"noreferrer noopener\">Online-Shop ab \u20ac 200,&#8211; (erhalte den Gastgeberinnenbonus)<\/a><\/div>\n<\/div>\n\n\n\n<hr class=\"wp-block-separator has-css-opacity is-style-wide\"\/>\n\n\n\n<p>Vielen Dank f\u00fcr dein Interesse und (vorab schon) f\u00fcr deine Bestellung und Unterst\u00fctzung!<\/p>\n\n\n\n<p>Liebe Gr\u00fc\u00dfe,<br>Astrid<\/p>\n","protected":false},"excerpt":{"rendered":"<p>Willkommen im Juli! Hier die Stampin&#8216; Up! Angebote und Neuheiten des aktuellen Monats: Die Sommer-Gutscheinaktion ist zur\u00fcck! Pro Bestellsumme von \u20ac 60,- im Juli, bekommt ihr einen \u20ac 6-Gutschein, den ihr im August einl\u00f6sen k\u00f6nnt! Weiterhin erh\u00e4ltlich: KREATIVSET GEBURTSTAG MIT KONFETTI Artikelnummer: 162392 \/ Preis: 28,00 \u20ac Auch in Englisch (162390) und Franz\u00f6sisch (162391) erh\u00e4ltlich. [&hellip;]<\/p>\n","protected":false},"author":1,"featured_media":0,"parent":0,"menu_order":0,"comment_status":"closed","ping_status":"closed","template":"","meta":{"ocean_post_layout":"","ocean_both_sidebars_style":"","ocean_both_sidebars_content_width":0,"ocean_both_sidebars_sidebars_width":0,"ocean_sidebar":"","ocean_second_sidebar":"","ocean_disable_margins":"enable","ocean_add_body_class":"","ocean_shortcode_before_top_bar":"","ocean_shortcode_after_top_bar":"","ocean_shortcode_before_header":"","ocean_shortcode_after_header":"","ocean_has_shortcode":"","ocean_shortcode_after_title":"","ocean_shortcode_before_footer_widgets":"","ocean_shortcode_after_footer_widgets":"","ocean_shortcode_before_footer_bottom":"","ocean_shortcode_after_footer_bottom":"","ocean_display_top_bar":"default","ocean_display_header":"default","ocean_header_style":"","ocean_center_header_left_menu":"","ocean_custom_header_template":"","ocean_custom_logo":0,"ocean_custom_retina_logo":0,"ocean_custom_logo_max_width":0,"ocean_custom_logo_tablet_max_width":0,"ocean_custom_logo_mobile_max_width":0,"ocean_custom_logo_max_height":0,"ocean_custom_logo_tablet_max_height":0,"ocean_custom_logo_mobile_max_height":0,"ocean_header_custom_menu":"","ocean_menu_typo_font_family":"","ocean_menu_typo_font_subset":"","ocean_menu_typo_font_size":0,"ocean_menu_typo_font_size_tablet":0,"ocean_menu_typo_font_size_mobile":0,"ocean_menu_typo_font_size_unit":"px","ocean_menu_typo_font_weight":"","ocean_menu_typo_font_weight_tablet":"","ocean_menu_typo_font_weight_mobile":"","ocean_menu_typo_transform":"","ocean_menu_typo_transform_tablet":"","ocean_menu_typo_transform_mobile":"","ocean_menu_typo_line_height":0,"ocean_menu_typo_line_height_tablet":0,"ocean_menu_typo_line_height_mobile":0,"ocean_menu_typo_line_height_unit":"","ocean_menu_typo_spacing":0,"ocean_menu_typo_spacing_tablet":0,"ocean_menu_typo_spacing_mobile":0,"ocean_menu_typo_spacing_unit":"","ocean_menu_link_color":"","ocean_menu_link_color_hover":"","ocean_menu_link_color_active":"","ocean_menu_link_background":"","ocean_menu_link_hover_background":"","ocean_menu_link_active_background":"","ocean_menu_social_links_bg":"","ocean_menu_social_hover_links_bg":"","ocean_menu_social_links_color":"","ocean_menu_social_hover_links_color":"","ocean_disable_title":"default","ocean_disable_heading":"default","ocean_post_title":"","ocean_post_subheading":"","ocean_post_title_style":"","ocean_post_title_background_color":"","ocean_post_title_background":0,"ocean_post_title_bg_image_position":"","ocean_post_title_bg_image_attachment":"","ocean_post_title_bg_image_repeat":"","ocean_post_title_bg_image_size":"","ocean_post_title_height":0,"ocean_post_title_bg_overlay":0.5,"ocean_post_title_bg_overlay_color":"","ocean_disable_breadcrumbs":"default","ocean_breadcrumbs_color":"","ocean_breadcrumbs_separator_color":"","ocean_breadcrumbs_links_color":"","ocean_breadcrumbs_links_hover_color":"","ocean_display_footer_widgets":"default","ocean_display_footer_bottom":"default","ocean_custom_footer_template":"","footnotes":""},"class_list":["post-19147","page","type-page","status-publish","hentry","entry"],"_links":{"self":[{"href":"https:\/\/www.astridspapiereuphorie.at\/test\/wp-json\/wp\/v2\/pages\/19147","targetHints":{"allow":["GET"]}}],"collection":[{"href":"https:\/\/www.astridspapiereuphorie.at\/test\/wp-json\/wp\/v2\/pages"}],"about":[{"href":"https:\/\/www.astridspapiereuphorie.at\/test\/wp-json\/wp\/v2\/types\/page"}],"author":[{"embeddable":true,"href":"https:\/\/www.astridspapiereuphorie.at\/test\/wp-json\/wp\/v2\/users\/1"}],"replies":[{"embeddable":true,"href":"https:\/\/www.astridspapiereuphorie.at\/test\/wp-json\/wp\/v2\/comments?post=19147"}],"version-history":[{"count":70,"href":"https:\/\/www.astridspapiereuphorie.at\/test\/wp-json\/wp\/v2\/pages\/19147\/revisions"}],"predecessor-version":[{"id":20376,"href":"https:\/\/www.astridspapiereuphorie.at\/test\/wp-json\/wp\/v2\/pages\/19147\/revisions\/20376"}],"wp:attachment":[{"href":"https:\/\/www.astridspapiereuphorie.at\/test\/wp-json\/wp\/v2\/media?parent=19147"}],"curies":[{"name":"wp","href":"https:\/\/api.w.org\/{rel}","templated":true}]}}